000
In base 7, what is 44165615 - 33?
44165552
In base 3, what is 1122120011 + 111211?
1200001222
In base 5, what is -314 + 312123102?
312122233
In base 13, what is -241 - 6523?
-6764
In base 9, what is -5 - 178140632?
-178140637
In base 11, what is 6 - 2329831?
-2329826
In base 3, what is -120120211 - -2100?
-120111111
In base 10, what is 1 - 14727909?
-14727908
In base 6, what is -11333003 + -31?
-11333034
In base 16, what is -4 - 12f83eb?
-12f83ef
In base 4, what is 2013 - 30003301001?
-30003232322
In base 9, what is -5827565 + -7?
-5827573
In base 13, what is 23 - 2aab24?
-2aab01
In base 5, what is -2432114 + -200221?
-3132340
In base 12, what is -47 + 8a31b?
8a294
In base 7, what is 666 - -14213?
15212
In base 10, what is 2732609 + 89?
2732698
In base 15, what is -3aeacde + 4?
-3aeacda
In base 8, what is 2471600743 - 3?
2471600740
In base 14, what is 3 - 98c768?
-98c765
In base 4, what is 11 - 12222011302?
-12222011231
In base 5, what is 10 - -13214300001?
13214300011
In base 3, what is -20022 - -1111102122?
1111012100
In base 3, what is -2002220220 - 2111?
-2010000101
In base 11, what is 202933 + -47?
202897
In base 7, what is 151446 - -2130?
153606
In base 9, what is -2104 + -7752?
-10856
In base 14, what is 4 + -c6851?
-c684b
In base 5, what is -3132123344 - -142?
-3132123202
In base 3, what is 102212 - 2010202?
-1200220
In base 10, what is -11202378 + 6?
-11202372
In base 2, what is 111 + 1010110001101000000011?
1010110001101000001010
In base 10, what is 9251943 - 6?
9251937
In base 11, what is -1 - -69700873?
69700872
In base 16, what is -3b39aa + a?
-3b39a0
In base 6, what is 5 + -150321215?
-150321210
In base 13, what is -4 + -bc7623?
-bc7627
In base 5, what is 222 + 34331134?
34331411
In base 9, what is 148 + -62202?
-62043
In base 8, what is 1334511 + -11?
1334500
In base 7, what is -22 - -206030065?
206030043
In base 6, what is 332 + -315351?
-315015
In base 16, what is 21 - 441ff?
-441de
In base 9, what is -3 - 45635605?
-45635608
In base 11, what is 43 + 26370?
26403
In base 4, what is -331133032 + -1021?
-331200113
In base 15, what is -1037d6 + 0?
-1037d6
In base 3, what is 21 + 111122101121222?
111122101122020
In base 15, what is 4 + 64aee4e?
64aee53
In base 6, what is -3 + 353001530?
353001523
In base 16, what is 7195 - b5?
70e0
In base 5, what is -3321433443 + -44?
-3321434042
In base 9, what is -6570 + 643?
-5826
In base 2, what is 100 + -1101010101010100110111?
-1101010101010100110011
In base 12, what is 151 - -1911?
1a62
In base 12, what is -5a12 - -12313?
8501
In base 4, what is -2 + -1101033303003?
-1101033303011
In base 13, what is -c8 + 16b2020?
16b1c25
In base 10, what is 14429193 - 16?
14429177
In base 3, what is 10222211 - -100221011210?
101002011121
In base 15, what is 2 - -2168b1?
2168b3
In base 16, what is -232 + -4cc0?
-4ef2
In base 14, what is -1d6 - 42425?
-4261b
In base 3, what is -12122222202021 - 10?
-12122222202101
In base 4, what is -1102 - -13321012233?
13321011131
In base 16, what is -65b93 - c8?
-65c5b
In base 11, what is -209726 + 7?
-20971a
In base 7, what is 666162 - 1043?
665116
In base 5, what is -2 + -134030024303?
-134030024310
In base 16, what is 59d + 2ed?
88a
In base 15, what is -1e6 - -32ee0?
32ce9
In base 11, what is -10785441 - 4?
-10785445
In base 4, what is -10010312031110 - -11?
-10010312031033
In base 10, what is 1986 - 312?
1674
In base 6, what is -5320 + 103430?
54110
In base 5, what is -1 - -21424011313?
21424011312
In base 14, what is -1379 - -db3?
-3a6
In base 5, what is -134332 - -11411240?
11221403
In base 3, what is 2210120110111 + -101?
2210120110010
In base 12, what is -32b68a7b + -7?
-32b68a86
In base 13, what is a89 - 1c811?
-1ba55
In base 10, what is 1 - -76989357?
76989358
In base 7, what is -5220 + 32624?
24404
In base 16, what is -eb96 - c7?
-ec5d
In base 2, what is -101 - -10110101001011?
10110101000110
In base 9, what is 128 + 8046636?
8046765
In base 2, what is -11 - 100011101101000111001110?
-100011101101000111010001
In base 9, what is -73380 + 34?
-73345
In base 7, what is -1215665 + -111?
-1216106
In base 6, what is -45 - -2021142?
2021053
In base 16, what is 130 + -3a6fc?
-3a5cc
In base 13, what is -98129 + -27?
-98153
In base 7, what is 14 - -15201236?
15201253
In base 15, what is 0 - 2b6597?
-2b6597
In base 13, what is b650 + -2115?
9538
In base 11, what is -383a + -5a75?
-9804
In base 11, what is 2561a + 241?
25860
In base 9, what is -10505568 - 348?
-10506027
In base 12, what is 2a7018 + 92?
2a70aa
In base 8, what is 226174 + 45?
226241
In base 8, what is 23 + -11035107?
-11035064
In base 13, what is -4 - -65a1487?
65a1483
In base 11, what is -1a6032 + 61?
-1a5a81
In base 15, what is 7b - 7e056?
-7deca
In base 16, what is -30 - -ed82e2?
ed82b2
In base 9, what is -6 - 4332541?
-4332547
In base 6, what is -1342 - -2112001?
2110215
In base 5, what is -332021341111 - 0?
-332021341111
In base 13, what is -4a6436 - -18?
-4a641b
In base 12, what is -5 + -aa078?
-aa081
In base 11, what is -18 - a3a2114?
-a3a2131
In base 14, what is -d9d5d2 - -5?
-d9d5cb
In base 7, what is 50 - 1201341?
-1201261
In base 16, what is -3c6d6 - 23?
-3c6f9
In base 2, what is -11000000100010 - 10011111000?
-11010100011010
In base 4, what is 333010322131 - 3?
333010322122
In base 9, what is -83231 - -633?
-82487
In base 11, what is -12 + 198127?
198115
In base 14, what is -2 - 10a46a3?
-10a46a5
In base 15, what is -de8ab0 + -3?
-de8ab3
In base 15, what is 246c3db + -2?
246c3d9
In base 6, what is 5 + -2005054114?
-2005054105
In base 11, what is 66 - -279215?
279280
In base 4, what is -110012232303 + 11?
-110012232232
In base 11, what is -4267 - -3382?
-995
In base 12, what is 1377 - -402?
1779
In base 5, what is 411100001 - 3424?
411041022
In base 7, what is 11 - 14622654?
-14622643
In base 10, what is -4 - 1536747?
-1536751
In base 14, what is -d + -1563d31?
-1563d40
In base 12, what is -3 + -97b18?
-97b1b
In base 15, what is -640283 + -8?
-64028b
In base 3, what is 1200 - 200200010112?
-200200001212
In base 9, what is 6 - 105878483?
-105878476
In base 14, what is 3 + -d855?
-d852
In base 15, what is -1ae - -82?
-12c
In base 12, what is -141b + -108b95?
-10a3b4
In base 7, what is -1 + -4053500?
-4053501
In base 13, what is 7b - 40877?
-407c9
In base 9, what is 3137 + 11281?
14428
In base 4, what is 3 + 31010302302200?
31010302302203
In base 16, what is -645682 + 1a?
-645668
In base 8, what is -671157411 - 1?
-671157412
In base 7, what is 303053030 - -2?
303053032
In base 11, what is 32a35a32 - -4?
32a35a36
In base 13, what is cc51642 + -1?
cc51641
In base 5, what is 32124221 - 10114?
32114102
In base 15, what is -1d1707 - -2e?
-1d16c8
In base 10, what is -7 - 7322454?
-7322461
In base 16, what is 34261 + -76?
341eb
In base 13, what is -10 - -8573a8?
857398
In base 13, what is -3a13b14 - -3?
-3a13b11
In base 6, what is -54432144 + 1001?
-54431143
In base 16, what is -6cea5 + 70?
-6ce35
In base 15, what is -6ed - -1cd4?
15d6
In base 10, what is 161137 + 9?
161146
In base 7, what is -426043040 - 1?
-426043041
In base 12, what is -3945 + 843?
-3102
In base 8, what is -1306275003 + -4?
-1306275007
In base 15, what is -2 + -514433b?
-514433d
In base 8, what is 0 - -16144655?
16144655
In base 2, what is -1000001111100 + -111011100100?
-1111101100000
In base 6, what is -4035204 - 234?
-4035442
In base 4, what is 1 + 11332122121?
11332122122
In base 10, what is 221995 + 32?
222027
In base 13, what is -50a85 + 39?
-50a49
In base 4, what is 301003103 + -10310?
300332133
In base 11, what is 5 - 42a973?
-42a969
In base 16, what is 8fec - -197c?
a968
In base 2, what is 11000110000011011 - 11110110?
11000101100100101
In base 8, what is -510513 + 145?
-510346
In base 16, what is 4 - 14be723?
-14be71f
In base 5, what is -10 + -4010202004?
-4010202014
In base 8, what is -1640753635 - 2?
-1640753637
In base 4, what is 1023 - -12132010?
12133033
In base 5, what is -3131331 + 2140?
-3124141
In base 6, what is -14 - -250234213?
250234155
In base 15, what is 4e5 + -693e?
-6449
In base 14, what is 1 - 3b0673?
-3b0672
In base 16, what is f + -330cc2?
-330cb3
In base 5, what is -310432223242 + 4?
-310432223233
In base 3, what is -2210 - 200020202201112?
-200020202211022
In base 15, what is 65 - -3c758?
3c7bd
